85.
93
Calculate the remainder when 68263202 is divided by 28.
14
Calculate the remainder when 3034624 is divided by 111.
106
Calculate the remainder when 30069 is divided by 6828.
2757
Calculate the remainder when 1050567 is divided by 254.
23
What is the remainder when 26772 is divided by 2284?
1648
What is the remainder when 9984223 is divided by 8355?
8353
What is the remainder when 201479605 is divided by 39?
28
Calculate the remainder when 21923 is divided by 19295.
2628
Calculate the remainder when 90864059 is divided by 54.
41
What is the remainder when 38845610 is divided by 12?
2
What is the remainder when 331739223 is divided by 234?
231
Calculate the remainder when 3276023 is divided by 355.
83
What is the remainder when 425536 is divided by 425535?
1
What is the remainder when 26824 is divided by 102?
100
Calculate the remainder when 89880 is divided by 89544.
336
What is the remainder when 4828544 is divided by 1699?
1685
Calculate the remainder when 12676733 is divided by 194.
191
What is the remainder when 215180 is divided by 4319?
3549
Calculate the remainder when 1767287 is divided by 424.
55
What is the remainder when 7667256 is divided by 75?
6
What is the remainder when 72298352 is divided by 450?
2
Calculate the remainder when 1568072 is divided by 6840.
1712
What is the remainder when 2321246 is divided by 1279?
1140
Calculate the remainder when 28818947 is divided by 2816.
3
Calculate the remainder when 106207445 is divided by 21241475.
70
What is the remainder when 8945014 is divided by 10?
4
What is the remainder when 7791799 is divided by 6184?
6143
Calculate the remainder when 7350377 is divided by 12918.
35
What is the remainder when 109622 is divided by 36453?
263
Calculate the remainder when 26505547 is divided by 183.
10
Calculate the remainder when 1708532 is divided by 158.
78
Calculate the remainder when 6687507 is divided by 410.
407
Calculate the remainder when 61961926 is divided by 1931.
1929
Calculate the remainder when 7318821 is divided by 458.
439
Calculate the remainder when 145689 is divided by 145660.
29
What is the remainder when 4881118 is divided by 20?
18
Calculate the remainder when 3056249 is divided by 1018743.
20
Calculate the remainder when 3817939 is divided by 482.
17
Calculate the remainder when 19304 is divided by 1327.
726
Calculate the remainder when 649717 is divided by 7299.
106
Calculate the remainder when 114058 is divided by 4223.
37
Calculate the remainder when 221030 is divided by 182.
82
What is the remainder when 7634473 is divided by 127241?
13
What is the remainder when 572375 is divided by 6498?
551
Calculate the remainder when 445991 is divided by 12957.
5453
Calculate the remainder when 15417570 is divided by 569.
515
What is the remainder when 267487361 is divided by 144?
17
Calculate the remainder when 5294566 is divided by 17.
1
Calculate the remainder when 177995 is divided by 2585.
2215
Calculate the remainder when 26735 is divided by 1682.
1505
Calculate the remainder when 503763 is divided by 61.
25
What is the remainder when 23547 is divided by 42?
27
What is the remainder when 131889 is divided by 32709?
1053
What is the remainder when 4057582 is divided by 31?
23
Calculate the remainder when 15933 is divided by 5282.
87
What is the remainder when 10768155 is divided by 260?
255
Calculate the remainder when 1842212 is divided by 3538.
2452
What is the remainder when 33075 is divided by 3790?
2755
What is the remainder when 7865542 is divided by 681?
673
What is the remainder when 2650813 is divided by 1682?
1663
Calculate the remainder when 99081298 is divided by 24770314.
42
Calculate the remainder when 137860 is divided by 34135.
1320
Calculate the remainder when 1295053 is divided by 33.
1
What is the remainder when 5121545 is divided by 220?
165
What is the remainder when 94615 is divided by 315?
115
Calculate the remainder when 1046502 is divided by 654.
102
What is the remainder when 1459712 is divided by 364762?
664
Calculate the remainder when 1009742 is divided by 36062.
6
Calculate the remainder when 8152377 is divided by 310.
307
What is the remainder when 112787100 is divided by 341?
327
Calculate the remainder when 1832656 is divided by 229069.
104
What is the remainder when 427815 is divided by 213250?
1315
What is the remainder when 134920 is divided by 32314?
5664
Calculate the remainder when 165896 is divided by 3603.
158
Calculate the remainder when 1669805 is divided by 1236.
1205
What is the remainder when 291314 is divided by 288379?
2935
What is the remainder when 3417232 is divided by 3417205?
27
What is the remainder when 229379 is divided by 905?
414
Calculate the remainder when 3137339 is divided by 943.
921
Calculate the remainder when 573409 is divided by 27.
10
Calculate the remainder when 388696844 is divided by 6014.
6010
What is the remainder when 643524 is divided by 214491?
51
What is the remainder when 1378309847 is divided by 1928?
1927
What is the remainder when 24348128 is divided by 174?
134
Calculate the remainder when 5979101 is divided by 257.
253
Calculate the remainder when 7836959 is divided by 1959235.
19
Calculate the remainder when 141368054 is divided by 8.
6
Calculate the remainder when 27974538 is divided by 5594877.
153
What is the remainder when 564793 is divided by 282367?
59
Calculate the remainder when 12752 is divided by 2989.
796
What is the remainder when 25596 is divided by 1147?
362
Calculate the remainder when 34849 is divided by 397.
310
What is the remainder when 6904445 is divided by 2584?
2581
Calculate the remainder when 144913 is divided by 46999.
3916
Calculate the remainder when 121187285 is divided by 30296820.
5
What is the remainder when 195932 is divided by 1454?
1096
Calculate the remainder when 225621 is divided by 466.
77
Calculate the remainder when 1137411 is divided by 6816.
5955
Calculate the remainder when 3553679 is divided by 1184557.
8
Calculate the remainder when 101011862 is divided by 48.
38
What is the remainder when 164670526 is divided by 343?
342
What is the remainder when 46260 is divided by 5601?
1452
What is the remainder when 1331475 is divided by 141?
12
What is the remainder when 1155137 is divided by 2917?
5
Calculate the remainder when 96698 is divided by 9549.
1208
Calculate the remainder when 58089949 is divided by 163174.
5
Calculate the remainder when 4934741 is divided by 9545.
9521
What is the remainder when 31290 is divided by 12435?
6420
Calculate the remainder when 8678 is divided by 7641.
1037
Calculate the remainder when 3206944 is divided by 1068933.
145
Calculate the remainder when 3162849 is divided by 501.
36
What is the remainder when 55755 is divided by 9078?
1287
What is the remainder when 718219 is divided by 121?
84
What is the remainder when 1049795 is divided by 40?
35
What is the remainder when 234985 is divided by 106?
89
Calculate the remainder when 301409 is divided by 150673.
63
What is the remainder when 1287947 is divided by 1811?
326
Calculate the remainder when 11989113 is divided by 1273.
1272
What is the remainder when 313426 is divided by 103319?
3469
Calculate the remainder when 4488403 is divided by 245.
3
What is the remainder when 20764595 is divided by 1514?
85
Calculate the remainder when 5289228 is divided by 241.
1
Calculate the remainder when 10636203 is divided by 16189.
30
Calculate the remainder when 406128 is divided by 375.
3
Calculate the remainder when 26720719 is divided by 260.
259
Calculate the remainder when 117633645 is divided by 187.
173
Calculate the remainder when 2371544 is divided by 1534.
1514
Calculate the remainder when 5459 is divided by 1339.
103
What is the remainder when 15935170 is divided by 15935167?
3
What is the remainder when 47310724 is divided by 385?
384
What is the remainder when 466299 is divided by 51810?
9
What is the remainder when 16760081 is divided by 632?
73
Calculate the remainder when 48666 is divided by 2222.
2004
Calculate the remainder when 11962246 is divided by 296.
294
Calculate the remainder when 20811519 is divided by 5663.
5657
What is the remainder when 23526 is divided by 9757?
4012
What is the remainder when 2206635 is divided by 9?
6
What is the remainder wh